{"id":1625,"date":"2017-08-31T15:37:08","date_gmt":"2017-08-31T20:37:08","guid":{"rendered":"http:\/\/localhost:8080\/wordpress\/?page_id=1625"},"modified":"2022-08-03T14:31:16","modified_gmt":"2022-08-03T19:31:16","slug":"serrvicios2","status":"publish","type":"page","link":"https:\/\/autotest.com.co\/wordpress\/?page_id=1625","title":{"rendered":"REVISION  COMERCIAL"},"content":{"rendered":"<p><a href=\"http:\/\/twitter.com\/share?url=https%3A%2F%2Fautotest.com.co%2Fwordpress%2F%3Fpage_id%3D1625&amp;count=none&amp;text=REVISION  COMERCIAL - AUTOTEST S.A.\" class=\"twitter-share-button\">Tweet<\/a><\/p><p><a href=\"http:\/\/localhost:8080\/wordpress\/wp-content\/uploads\/2017\/08\/CARRITO-VERDE-1.jpg\"><img loading=\"lazy\" decoding=\"async\" class=\"size-full wp-image-1651\" src=\"http:\/\/localhost:8080\/wordpress\/wp-content\/uploads\/2017\/08\/CARRITO-VERDE-1.jpg\" alt=\"\" width=\"600\" height=\"292\" srcset=\"https:\/\/autotest.com.co\/wordpress\/wp-content\/uploads\/2017\/08\/CARRITO-VERDE-1.jpg 600w, https:\/\/autotest.com.co\/wordpress\/wp-content\/uploads\/2017\/08\/CARRITO-VERDE-1-300x146.jpg 300w, https:\/\/autotest.com.co\/wordpress\/wp-content\/uploads\/2017\/08\/CARRITO-VERDE-1-224x109.jpg 224w\" sizes=\"auto, (max-width: 600px) 100vw, 600px\" \/><\/a><\/p>\n<p>Un veh\u00edculo mal reparado no es solo una p\u00e9sima inversi\u00f3n sino un gran riesgo para la seguridad de las personas.<\/p>\n<p>Con este servicio buscamos informar al vendedor y al comprador sobre el estado real del veh\u00edculo, de tal forma que puedan realizar su transacci\u00f3n comercial con la mayor transparencia posible.<\/p>\n<p>La revisi\u00f3n cubre <strong>aspectos mec\u00e1nicos<\/strong> como el estado de la alineaci\u00f3n, el comportamiento de la direcci\u00f3n, la suspensi\u00f3n y los frenos,\u00a0 \u00a0<strong>la carrocer\u00eda<\/strong>, indagando por partes reparadas o no originales, malas reparaciones o choques. Tambi\u00e9n informa sobre el <strong>estado del chasis y reparaciones o da\u00f1os<\/strong> que haya sufrido el veh\u00edculo.<\/p>\n\n\n<p><\/p>\n","protected":false},"excerpt":{"rendered":"<p>Tweet Un veh\u00edculo mal reparado no es solo una p\u00e9sima inversi\u00f3n sino un gran riesgo para la seguridad de las personas. Con este servicio buscamos informar al vendedor y al comprador sobre el estado real del veh\u00edculo, de tal forma que puedan realizar su transacci\u00f3n comercial con la mayor transparencia posible. La revisi\u00f3n cubre aspectos &hellip; <\/p>\n<p class=\"link-more\"><a href=\"https:\/\/autotest.com.co\/wordpress\/?page_id=1625\" class=\"read-more\">Read More<span class=\"screen-reader-text\"> \u00abREVISION  COMERCIAL\u00bb<\/span><\/a><\/p>\n","protected":false},"author":1,"featured_media":0,"parent":0,"menu_order":0,"comment_status":"closed","ping_status":"closed","template":"","meta":{"footnotes":""},"class_list":["post-1625","page","type-page","status-publish","hentry"],"_links":{"self":[{"href":"https:\/\/autotest.com.co\/wordpress\/index.php?rest_route=\/wp\/v2\/pages\/1625","targetHints":{"allow":["GET"]}}],"collection":[{"href":"https:\/\/autotest.com.co\/wordpress\/index.php?rest_route=\/wp\/v2\/pages"}],"about":[{"href":"https:\/\/autotest.com.co\/wordpress\/index.php?rest_route=\/wp\/v2\/types\/page"}],"author":[{"embeddable":true,"href":"https:\/\/autotest.com.co\/wordpress\/index.php?rest_route=\/wp\/v2\/users\/1"}],"replies":[{"embeddable":true,"href":"https:\/\/autotest.com.co\/wordpress\/index.php?rest_route=%2Fwp%2Fv2%2Fcomments&post=1625"}],"version-history":[{"count":5,"href":"https:\/\/autotest.com.co\/wordpress\/index.php?rest_route=\/wp\/v2\/pages\/1625\/revisions"}],"predecessor-version":[{"id":3985,"href":"https:\/\/autotest.com.co\/wordpress\/index.php?rest_route=\/wp\/v2\/pages\/1625\/revisions\/3985"}],"wp:attachment":[{"href":"https:\/\/autotest.com.co\/wordpress\/index.php?rest_route=%2Fwp%2Fv2%2Fmedia&parent=1625"}],"curies":[{"name":"wp","href":"https:\/\/api.w.org\/{rel}","templated":true}]}}