{"id":21,"date":"2012-04-24T19:06:23","date_gmt":"2012-04-24T19:06:23","guid":{"rendered":"http:\/\/www.inboxpublicidad.com\/site\/?page_id=21"},"modified":"2020-01-16T09:49:45","modified_gmt":"2020-01-16T14:49:45","slug":"nuestros-servicios","status":"publish","type":"page","link":"https:\/\/autotest.com.co\/wordpress\/?page_id=21","title":{"rendered":"SERVICIOS"},"content":{"rendered":"<p><a href=\"http:\/\/twitter.com\/share?url=https%3A%2F%2Fautotest.com.co%2Fwordpress%2F%3Fpage_id%3D21&amp;count=none&amp;text=SERVICIOS - AUTOTEST S.A.\" class=\"twitter-share-button\">Tweet<\/a><\/p><h3 id=\"serv1\">1. Revisi\u00f3n Comercial de Veh\u00edculos<\/h3>\n<p>Busca informar a vendedor y comprador del estado real del veh\u00edculo, de tal forma que la transacci\u00f3n la realicen con la mayor transparencia posible entre ambos.<\/p>\n<p>La revisi\u00f3n cubre aspectos mec\u00e1nicos como el estado de la alineaci\u00f3n, el comportamiento de la suspensi\u00f3n y los frenos. De la carrocer\u00eda, indagando por partes reparadas o no originales, malas reparaciones o chocadas. Tambi\u00e9n informa sobre el estado del chasis y reparaciones o da\u00f1os que este hubiese sufrido.<\/p>\n<p>&#8230;.. Un veh\u00edculo mal reparado no es solo una p\u00e9sima inversi\u00f3n sino un gran riesgo para la seguridad de las personas.<\/p>\n<h3 id=\"serv2\">2. Revisi\u00f3n de Motor y el Tren de Potencia<\/h3>\n<p>Hoy en dia el estado de la mec\u00e1nica de un veh\u00edculo no se eval\u00faa en una prueba de ruta. No solo es demasiado subjetiva sino tambi\u00e9n de mucho riesgo por el trafico complejo de la ciudad.<\/p>\n<p>Nosotros revisamos el comportamiento del veh\u00edculo en carretera simulando la prueba en un dinamometro de ultima tecnolog\u00eda. All\u00ed conocemos el funcionamiento del motor y todos sus sistemas, as\u00ed como tambi\u00e9n el desempe\u00f1o del embrague, caja de cambios y transmisi\u00f3n.<\/p>\n<p>Muy \u00fatil esta prueba para evaluar reparaciones mec\u00e1nicas, como afinaciones, correcci\u00f3n de recalentamientos, bombas de combustibles entre otros.<\/p>\n<p>Tambien permite conocer la real perdida de potencia de los motores a convertirlos a gas natural, evitando discusiones que no llegan a nada entre instaladores de equipos y propietarios de veh\u00edculos.\u00a0 \u00a0En 2019 incorporamos a esta prueba dos servicios adicionales:<\/p>\n<p>&nbsp;<\/p>\n<ul>\n<li>La <b>VERIFICACION CON SCANER<\/b>\u00a0del funcionamiento de todos los sistemas controlados por la computadora del veh\u00edculo.\u00a0 Conociendo su real estado y\u00a0 ademas aquellas fallas que hist\u00f3ricamente se hayan presentado y se encuentren almacenadas.\u00a0 Hoy en dia, todo el veh\u00edculo es controlado electronicamente y cualquier falla puede volverse en un verdadero dolor de cabeza.\u00a0 Este informe se entrega separadamente para que pueda ser usado en el momento del negocio de compraventa o para solicitar una intervenci\u00f3n mec\u00e1nica en taller.<\/li>\n<\/ul>\n<p>&nbsp;<\/p>\n<ul>\n<li>La <strong>MEDICION DE EMISIONES<\/strong>.\u00a0 La normas ambientales exigen el cumplimiento de unos estrictos niveles de emisiones de gases contaminantes y que a su vez, son la confirmaci\u00f3n del correcto estado mec\u00e1nico y electr\u00f3nico de un motor.\u00a0 \u00a0No cumplir entonces, no es solo estar contribuyendo negativamente al medio ambiente, sino verse obligado a costosas reparaciones para retornar el motor y los sistemas anticontaminantes a su correcto estado.<\/li>\n<\/ul>\n<h3 id=\"serv3\">3. Revisi\u00f3n de los Sistemas de Identificaci\u00f3n RSI<\/h3>\n<p>Muy f\u00e1cil se pierde el dinero al comprar un veh\u00edculo con irregularidades en sus sistemas de identificaci\u00f3n. Nuestra experiencia, nuestros t\u00e9cnicos y la informaci\u00f3n de nuestras bases de datos, le dar\u00e1n tranquilidad en su negociaci\u00f3n.<\/p>\n<h3 id=\"serv4\">4. Arbitraje en Reclamaciones a Talleres y Concesionarios<\/h3>\n<p>Nuestro grupo de ingenieros y t\u00e9cnicos emiten conceptos que ayudan a desatar nudos t\u00e9cnicos que a diario ocurren entre talleres, concesionarios y sus clientes. Una tercera opini\u00f3n siempre es la mejor manera de dirimir conflictos evitando disgustos, malos entendidos y muchos dolores de cabeza.<\/p>\n","protected":false},"excerpt":{"rendered":"<p>Tweet1. Revisi\u00f3n Comercial de Veh\u00edculos Busca informar a vendedor y comprador del estado real del veh\u00edculo, de tal forma que la transacci\u00f3n la realicen con la mayor transparencia posible entre ambos. La revisi\u00f3n cubre aspectos mec\u00e1nicos como el estado de la alineaci\u00f3n, el comportamiento de la suspensi\u00f3n y los frenos. De la carrocer\u00eda, indagando por &hellip; <\/p>\n<p class=\"link-more\"><a href=\"https:\/\/autotest.com.co\/wordpress\/?page_id=21\" class=\"read-more\">Read More<span class=\"screen-reader-text\"> \u00abSERVICIOS\u00bb<\/span><\/a><\/p>\n","protected":false},"author":1,"featured_media":0,"parent":0,"menu_order":0,"comment_status":"open","ping_status":"open","template":"","meta":{"footnotes":""},"class_list":["post-21","page","type-page","status-publish","hentry"],"_links":{"self":[{"href":"https:\/\/autotest.com.co\/wordpress\/index.php?rest_route=\/wp\/v2\/pages\/21","targetHints":{"allow":["GET"]}}],"collection":[{"href":"https:\/\/autotest.com.co\/wordpress\/index.php?rest_route=\/wp\/v2\/pages"}],"about":[{"href":"https:\/\/autotest.com.co\/wordpress\/index.php?rest_route=\/wp\/v2\/types\/page"}],"author":[{"embeddable":true,"href":"https:\/\/autotest.com.co\/wordpress\/index.php?rest_route=\/wp\/v2\/users\/1"}],"replies":[{"embeddable":true,"href":"https:\/\/autotest.com.co\/wordpress\/index.php?rest_route=%2Fwp%2Fv2%2Fcomments&post=21"}],"version-history":[{"count":14,"href":"https:\/\/autotest.com.co\/wordpress\/index.php?rest_route=\/wp\/v2\/pages\/21\/revisions"}],"predecessor-version":[{"id":3407,"href":"https:\/\/autotest.com.co\/wordpress\/index.php?rest_route=\/wp\/v2\/pages\/21\/revisions\/3407"}],"wp:attachment":[{"href":"https:\/\/autotest.com.co\/wordpress\/index.php?rest_route=%2Fwp%2Fv2%2Fmedia&parent=21"}],"curies":[{"name":"wp","href":"https:\/\/api.w.org\/{rel}","templated":true}]}}